 by 42?
4
Calculate the remainder when 13079 is divided by 13079.
0
What is the remainder when 172382 is divided by 195?
2
Calculate the remainder when 11261 is divided by 5623.
15
Calculate the remainder when 73113 is divided by 289.
285
What is the remainder when 42499 is divided by 158?
155
What is the remainder when 1018 is divided by 967?
51
Calculate the remainder when 192011 is divided by 11.
6
Calculate the remainder when 5399 is divided by 3994.
1405
What is the remainder when 58746 is divided by 38?
36
Calculate the remainder when 65882 is divided by 79.
75
Calculate the remainder when 3432 is divided by 214.
8
Calculate the remainder when 4158 is divided by 302.
232
Calculate the remainder when 1493 is divided by 341.
129
Calculate the remainder when 44869 is divided by 22434.
1
What is the remainder when 12924 is divided by 415?
59
What is the remainder when 1544 is divided by 768?
8
Calculate the remainder when 9987 is divided by 156.
3
Calculate the remainder when 101300 is divided by 28.
24
Calculate the remainder when 1145 is divided by 423.
299
Calculate the remainder when 215 is divided by 53.
3
Calculate the remainder when 12045 is divided by 221.
111
What is the remainder when 4655 is divided by 164?
63
Calculate the remainder when 3405 is divided by 425.
5
Calculate the remainder when 275 is divided by 25.
0
Calculate the remainder when 12574 is divided by 55.
34
Calculate the remainder when 182175 is divided by 12.
3
Calculate the remainder when 9941 is divided by 207.
5
Calculate the remainder when 22954 is divided by 11.
8
Calculate the remainder when 151887 is divided by 24.
15
Calculate the remainder when 534816 is divided by 1587.
1584
Calculate the remainder when 1600 is divided by 559.
482
What is the remainder when 108352 is divided by 2169?
2071
What is the remainder when 15967 is divided by 242?
237
Calculate the remainder when 17429 is divided by 215.
14
Calculate the remainder when 1537 is divided by 131.
96
What is the remainder when 1785 is divided by 42?
21
What is the remainder when 102193 is divided by 37?
36
Calculate the remainder when 3070 is divided by 3020.
50
What is the remainder when 5810 is divided by 152?
34
Calculate the remainder when 17980 is divided by 1486.
148
What is the remainder when 483654 is divided by 3932?
18
What is the remainder when 2791 is divided by 6?
1
What is the remainder when 302982 is divided by 42?
36
What is the remainder when 2558193 is divided by 4?
1
Calculate the remainder when 5760 is divided by 738.
594
Calculate the remainder when 96133 is divided by 952.
933
What is the remainder when 1888 is divided by 136?
120
Calculate the remainder when 7095 is divided by 730.
525
Calculate the remainder when 49296 is divided by 4.
0
What is the remainder when 12439 is divided by 20?
19
What is the remainder when 992659 is divided by 5?
4
Calculate the remainder when 1813669 is divided by 278.
275
Calculate the remainder when 125708 is divided by 37.
19
Calculate the remainder when 310944 is divided by 273.
270
Calculate the remainder when 1381956 is divided by 562.
560
Calculate the remainder when 226320 is divided by 137.
133
What is the remainder when 14087 is divided by 1165?
107
Calculate the remainder when 506 is divided by 12.
2
Calculate the remainder when 3705 is divided by 345.
255
What is the remainder when 3454654 is divided by 64?
62
Calculate the remainder when 18221 is divided by 18.
5
Calculate the remainder when 351554 is divided by 58587.
32
What is the remainder when 17507 is divided by 437?
27
Calculate the remainder when 26037 is divided by 285.
102
Calculate the remainder when 4895 is divided by 54.
35
What is the remainder when 19274 is divided by 3852?
14
What is the remainder when 158291 is divided by 915?
911
Calculate the remainder when 1308 is divided by 397.
117
What is the remainder when 81435 is divided by 71?
69
Calculate the remainder when 31055 is divided by 10341.
32
Calculate the remainder when 2193980 is divided by 468.
464
Calculate the remainder when 4550 is divided by 4465.
85
Calculate the remainder when 25231 is divided by 8.
7
Calculate the remainder when 15597 is divided by 7736.
125
Calculate the remainder when 46593 is divided by 143.
118
Calculate the remainder when 74260 is divided by 48.
4
Calculate the remainder when 12902 is divided by 429.
32
Calculate the remainder when 14722 is divided by 982.
974
Calculate the remainder when 28681 is divided by 134.
5
What is the remainder when 24057 is divided by 84?
33
Calculate the remainder when 3924 is divided by 119.
116
What is the remainder when 8057 is divided by 336?
329
What is the remainder when 126644 is divided by 517?
496
Calculate the remainder when 2816 is divided by 1263.
290
What is the remainder when 558672 is divided by 585?
582
What is the remainder when 13579 is divided by 88?
27
What is the remainder when 15277 is divided by 361?
115
What is the remainder when 14292 is divided by 1419?
102
What is the remainder when 41672 is divided by 817?
5
What is the remainder when 11518 is divided by 2873?
26
What is the remainder when 372 is divided by 5?
2
Calculate the remainder when 9188 is divided by 263.
246
What is the remainder when 223530 is divided by 31?
20
What is the remainder when 599662 is divided by 8?
6
Calculate the remainder when 3115 is divided by 22.
13
Calculate the remainder when 14085 is divided by 3518.
13
Calculate the remainder when 225316 is divided by 141.
139
What is the remainder when 16291 is divided by 175?
16
Calculate the remainder when 6964 is divided by 199.
198
Calculate the remainder when 7646 is divided by 33.
23
What is the remainder when 32425 is divided by 819?
484
Calculate the remainder when 27809 is divided by 535.
524
What is the remainder when 26669 is divided by 462?
335
Calculate the remainder when 10452 is divided by 1490.
22
Calculate the remainder when 9446 is divided by 45.
41
What is the remainder when 15221 is divided by 77?
52
What is the remainder when 241948 is divided by 36?
28
What is the remainder when 6358454 is divided by 505?
504
What is the remainder when 75189 is divided by 25063?
0
What is the remainder when 433 is divided by 351?
82
What is the remainder when 1391 is divided by 924?
467
Calculate the remainder when 43610 is divided by 8718.
20
What is the remainder when 765 is divided by 689?
76
Calculate the remainder when 4940 is divided by 1084.
604
What is the remainder when 8472 is divided by 39?
9
What is the remainder when 8566 is divided by 922?
268
What is the remainder when 6830 is divided by 308?
54
Calculate the remainder when 8413 is divided by 226.
51
What is the remainder when 488180 is divided by 53?
50
Calculate the remainder when 48945 is divided by 521.
492
What is the remainder when 1284 is divided by 562?
160
What is the remainder when 2619905 is divided by 173?
166
Calculate the remainder when 301226 is divided by 281.
275
What is the remainder when 7532 is divided by 579?
5
Calculate the remainder when 126253 is divided by 42073.
34
Calculate the remainder when 17191 is divided by 157.
78
What is the remainder when 45897 is divided by 17?
14
Calculate the remainder when 1062 is divided by 619.
443
Calculate the remainder when 56898 is divided by 228.
126
Calculate the remainder when 75410 is divided by 34.
32
Calculate the remainder when 2874497 is divided by 250.
247
What is the remainder when 542 is divided by 254?
34
Calculate the remainder when 4765 is divided by 420.
145
What is the remainder when 3583540 is divided by 25?
15
What is the remainder when 956681 is divided by 84?
5
What is the remainder when 180449 is divided by 5?
4
Calculate the remainder when 7041 is divided by 114.
87
Calculate the remainder when 1125406 is divided by 19.
17
Calculate the remainder when 283383 is divided by 70844.
7
Calculate the remainder when 26521 is divided by 42.
19
Calculate the remainder when 3826 is divided by 549.
532
Calculate the remainder when 330846 is divided by 392.
390
Calculate the remainder when 1191 is divided by 163.
50
Calculate the remainder when 57653 is divided by 19206.
35
Calculate the remainder when 3336 is divided by 76.
68
Calculate the remainder when 98269 is di